visor of 40 and 52880?
40
What is the highest common factor of 298637 and 107?
107
What is the highest common factor of 14 and 60144?
14
What is the greatest common factor of 8 and 24098?
2
Calculate the highest common factor of 1099722 and 2392.
598
What is the greatest common factor of 901 and 689?
53
What is the highest common divisor of 54179 and 357?
17
Calculate the greatest common factor of 4680 and 540.
180
Calculate the greatest common divisor of 132 and 11652.
12
What is the greatest common divisor of 1989820 and 5?
5
Calculate the greatest common factor of 8 and 9511.
1
What is the greatest common factor of 51 and 26095?
17
Calculate the greatest common factor of 149283 and 167713.
1843
What is the highest common factor of 96 and 224?
32
Calculate the highest common divisor of 920199 and 609.
609
Calculate the highest common divisor of 3988 and 16.
4
Calculate the greatest common divisor of 759 and 12.
3
What is the highest common divisor of 16 and 910288?
16
Calculate the highest common factor of 45 and 41985.
45
What is the greatest common divisor of 131787 and 135?
27
Calculate the greatest common factor of 870128 and 1190.
238
Calculate the highest common divisor of 904 and 1619516.
452
What is the greatest common factor of 6974 and 18502?
22
Calculate the highest common factor of 588 and 819084.
588
What is the highest common divisor of 25690 and 15047?
367
What is the greatest common factor of 16 and 5212?
4
What is the greatest common divisor of 573 and 269119?
191
What is the greatest common factor of 78776 and 2748?
916
What is the greatest common factor of 100 and 127275?
25
What is the greatest common factor of 384 and 2508?
12
Calculate the greatest common factor of 12 and 1818.
6
What is the highest common divisor of 4614 and 324?
6
What is the highest common divisor of 1376 and 132956?
172
Calculate the greatest common divisor of 1013454 and 324.
18
Calculate the highest common factor of 1000 and 13136.
8
Calculate the highest common factor of 4032 and 175266.
126
What is the greatest common divisor of 1266 and 90730?
422
Calculate the highest common factor of 44290 and 1634.
86
Calculate the highest common divisor of 98 and 130634.
98
Calculate the highest common divisor of 21056 and 4704.
224
Calculate the highest common factor of 102803 and 11525.
461
Calculate the highest common divisor of 114 and 53637.
57
Calculate the greatest common divisor of 80 and 24560.
80
Calculate the highest common divisor of 288 and 35172.
36
Calculate the highest common divisor of 840 and 1365.
105
Calculate the highest common factor of 50 and 12537650.
50
What is the highest common factor of 205371 and 342?
171
What is the highest common divisor of 29883 and 63?
21
Calculate the greatest common factor of 1800746 and 5528.
1382
What is the greatest common divisor of 5856 and 368?
16
What is the greatest common factor of 1267 and 393856?
181
Calculate the greatest common factor of 235 and 371.
1
Calculate the highest common divisor of 155 and 610824.
31
What is the greatest common divisor of 248 and 24676?
124
What is the highest common factor of 17400 and 22800?
600
Calculate the highest common factor of 2446366 and 148.
74
What is the greatest common divisor of 944682 and 3081?
237
Calculate the highest common divisor of 35 and 812.
7
Calculate the highest common divisor of 54027 and 3045.
87
What is the highest common divisor of 284608 and 96?
32
What is the highest common divisor of 436 and 32809?
109
Calculate the greatest common divisor of 81880 and 90.
10
What is the highest common factor of 2070 and 4230?
90
What is the greatest common divisor of 322 and 59731?
161
Calculate the highest common factor of 44 and 24629.
11
What is the greatest common factor of 21386 and 740?
74
What is the highest common divisor of 16 and 77884?
4
Calculate the greatest common divisor of 33 and 163152.
33
Calculate the highest common divisor of 2465 and 20145.
85
Calculate the highest common factor of 820 and 36285.
205
Calculate the greatest common divisor of 94 and 110497.
47
What is the greatest common divisor of 188177 and 451?
11
What is the highest common factor of 6342 and 294?
42
Calculate the highest common divisor of 7677 and 3960.
9
Calculate the highest common divisor of 539595 and 2835.
945
Calculate the highest common divisor of 909710 and 30.
10
What is the highest common divisor of 211 and 1477?
211
Calculate the greatest common divisor of 816 and 1488.
48
Calculate the highest common factor of 180 and 17730.
90
What is the highest common factor of 6081 and 3?
3
What is the greatest common divisor of 232 and 10498?
58
Calculate the greatest common factor of 352985 and 3110.
1555
What is the highest common factor of 360 and 103720?
40
What is the greatest common divisor of 35105 and 1475?
295
What is the highest common factor of 98 and 23114?
14
Calculate the greatest common factor of 206 and 20291.
103
What is the highest common factor of 689 and 321763?
689
Calculate the highest common divisor of 406 and 2282.
14
What is the highest common factor of 180 and 22356?
36
What is the highest common divisor of 2128 and 8113?
133
Calculate the greatest common factor of 3000 and 67608.
24
What is the highest common divisor of 1164 and 205252?
388
Calculate the greatest common divisor of 1040577 and 167.
167
What is the greatest common factor of 549335 and 2715?
905
What is the greatest common divisor of 7780 and 2958345?
1945
What is the highest common divisor of 15942 and 2802?
6
Calculate the highest common factor of 102 and 5911308.
102
What is the highest common factor of 206750 and 750?
250
What is the greatest common divisor of 89900 and 4060?
580
Calculate the greatest common divisor of 611712 and 118.
118
Calculate the highest common factor of 312936 and 2478.
354
Calculate the highest common factor of 120 and 8146260.
60
Calculate the highest common divisor of 841 and 12151.
29
What is the highest common factor of 90 and 1420218?
18
What is the highest common divisor of 129486 and 42?
42
What is the highest common factor of 125 and 1596575?
25
Calculate the highest common divisor of 744 and 61349.
31
What is the greatest common factor of 23668 and 388?
388
What is the greatest common divisor of 9894 and 238038?
582
What is the greatest common divisor of 480 and 23340?
60
Calculate the greatest common factor of 91 and 2561.
13
What is the greatest common factor of 59710 and 70?
70
What is the highest common divisor of 13377 and 312?
39
What is the highest common divisor of 235838 and 666?
74
What is the greatest common factor of 37668 and 105780?
516
What is the highest common divisor of 13286 and 26?
26
What is the highest common factor of 18237 and 3?
3
Calculate the greatest common factor of 30969 and 36.
9
Calculate the greatest common divisor of 1 and 19484.
1
Calculate the highest common divisor of 710 and 426710.
710
What is the highest common divisor of 444878 and 602?
602
What is the greatest common factor of 990 and 5192?
22
Calculate the highest common divisor of 181671 and 1353.
123
Calculate the highest common divisor of 142 and 89389.
71
What is the highest common divisor of 10464 and 264?
24
What is the greatest common divisor of 648 and 424?
8
What is the greatest common divisor of 255 and 17935?
85
Calculate the highest common factor of 765 and 28235.
5
Calculate the highest common factor of 19744 and 12.
4
Calculate the greatest common factor of 80 and 17704.
8
What is the highest common divisor of 77 and 132097?
7
Calculate the greatest common divisor of 1176 and 113288.
392
What is the highest common divisor of 118569 and 22?
11
What is the greatest common divisor of 369 and 164615?
41
Calculate the greatest common divisor of 4323 and 2662.
11
What is the greatest common divisor of 42 and 3943506?
42
Calculate the highest common factor of 74896 and 2232.
248
Calculate the highest common divisor of 16880 and 1200.
80
What is the highest common divisor of 5670 and 676620?
1890
What is the greatest common divisor of 1591 and 5031?
43
What is the highest common factor of 956795 and 35?
35
What is the greatest common divisor of 7276327 and 467?
467
Calculate the greatest common divisor of 658 and 26516.
14
Calcu